e greatest common divisor of 7808 and 610?
122
Calculate the greatest common factor of 468 and 351702.
234
Calculate the highest common factor of 143380 and 1072.
268
Calculate the highest common divisor of 437076 and 972.
324
Calculate the highest common divisor of 280 and 37940.
140
What is the greatest common factor of 48633 and 272571?
1131
What is the greatest common factor of 64144 and 136728?
1688
What is the greatest common factor of 5635 and 821905?
805
Calculate the highest common factor of 14993 and 1504.
47
Calculate the greatest common divisor of 9963 and 41.
41
Calculate the greatest common factor of 411 and 280439.
137
What is the highest common divisor of 128 and 171264?
128
What is the greatest common factor of 2052 and 7296?
228
Calculate the highest common divisor of 344310 and 11040.
690
Calculate the greatest common factor of 1368 and 8496.
72
What is the highest common factor of 3348 and 24180?
372
Calculate the highest common factor of 318 and 381759.
159
What is the highest common divisor of 1407 and 92421?
21
Calculate the highest common factor of 64 and 225088.
64
What is the highest common divisor of 462 and 241374?
42
Calculate the greatest common divisor of 1200 and 39.
3
Calculate the greatest common divisor of 1344 and 456.
24
Calculate the highest common factor of 8092 and 6307.
119
Calculate the greatest common factor of 58 and 443642.
58
What is the highest common divisor of 10 and 98030?
10
What is the highest common factor of 1661 and 19177?
151
What is the highest common divisor of 766 and 1048271?
383
What is the highest common factor of 13910 and 949?
13
What is the highest common factor of 26 and 28318?
2
Calculate the greatest common factor of 99 and 222651.
99
What is the highest common divisor of 78954 and 96?
6
Calculate the greatest common factor of 122132 and 1976.
76
Calculate the highest common divisor of 14080 and 448.
64
What is the greatest common factor of 765 and 4420?
85
Calculate the greatest common factor of 6000 and 13875.
375
Calculate the highest common factor of 29729 and 1519.
217
Calculate the greatest common factor of 62 and 145762.
62
Calculate the greatest common divisor of 375 and 1501875.
375
Calculate the greatest common divisor of 63 and 54936.
63
Calculate the greatest common divisor of 5833 and 988.
19
Calculate the highest common divisor of 318723 and 393.
393
Calculate the highest common factor of 281649 and 842.
421
Calculate the highest common divisor of 4986 and 323259.
831
Calculate the greatest common divisor of 800 and 6150.
50
What is the highest common divisor of 1197 and 75600?
63
What is the greatest common divisor of 174681 and 325?
13
What is the highest common factor of 801 and 399?
3
Calculate the highest common divisor of 36688 and 112.
16
Calculate the greatest common factor of 150 and 12435.
15
What is the highest common divisor of 491712 and 2880?
192
Calculate the highest common divisor of 1305 and 10755.
45
What is the greatest common factor of 28561 and 637?
13
What is the highest common factor of 309302 and 84?
14
What is the highest common divisor of 55982 and 368?
46
What is the highest common divisor of 5800 and 4250?
50
What is the greatest common factor of 598 and 1426?
46
Calculate the greatest common factor of 161 and 326899.
23
Calculate the highest common divisor of 496893 and 51.
51
Calculate the highest common factor of 99 and 184173.
33
Calculate the highest common factor of 3900 and 234.
78
What is the greatest common factor of 65569 and 1479?
493
Calculate the highest common divisor of 45 and 12885.
15
What is the highest common factor of 232 and 4218572?
116
Calculate the highest common divisor of 198 and 59301.
99
What is the greatest common factor of 312004 and 539?
77
Calculate the highest common factor of 4777 and 34.
17
What is the greatest common divisor of 19957 and 21?
7
Calculate the greatest common divisor of 1340 and 300.
20
Calculate the highest common divisor of 364766 and 3523.
271
Calculate the greatest common factor of 940780 and 20.
20
What is the greatest common divisor of 4274730 and 90?
90
What is the highest common divisor of 955 and 2864045?
955
Calculate the greatest common divisor of 39159 and 9.
9
What is the greatest common factor of 339 and 3420849?
339
What is the highest common factor of 26 and 832?
26
What is the highest common factor of 44 and 1585034?
22
What is the greatest common divisor of 8595 and 47559?
573
What is the highest common factor of 21901 and 20453?
181
Calculate the greatest common divisor of 764 and 701543.
191
What is the highest common divisor of 196469 and 119?
119
Calculate the highest common divisor of 17 and 10674453.
17
Calculate the greatest common factor of 1374 and 192.
6
Calculate the greatest common divisor of 69 and 22218.
69
Calculate the highest common divisor of 6 and 11073.
3
What is the highest common divisor of 37306 and 184?
46
What is the greatest common factor of 154 and 142802?
22
What is the greatest common divisor of 6391 and 332?
83
What is the greatest common divisor of 760222 and 2032?
254
Calculate the highest common divisor of 17493 and 1869.
21
Calculate the greatest common factor of 170939 and 282.
47
Calculate the greatest common divisor of 18162 and 342.
18
Calculate the highest common divisor of 4692 and 4202468.
1564
What is the greatest common divisor of 29825 and 1400?
25
Calculate the highest common divisor of 210013 and 1058.
529
What is the greatest common divisor of 809152 and 128?
64
What is the highest common factor of 490 and 8370?
10
Calculate the greatest common factor of 11098 and 124.
62
What is the greatest common factor of 26140 and 576387?
1307
What is the highest common divisor of 590 and 16090?
10
What is the highest common factor of 173320 and 6440?
280
Calculate the greatest common factor of 23288 and 9512.
328
Calculate the greatest common divisor of 42 and 16290.
6
Calculate the greatest common factor of 489251 and 407.
37
What is the highest common factor of 165300 and 190?
190
Calculate the highest common factor of 37040 and 760.
40
Calculate the highest common factor of 220075 and 75.
25
What is the greatest common divisor of 6 and 72680?
2
Calculate the greatest common factor of 24261 and 39.
3
What is the greatest common factor of 66939 and 51?
3
Calculate the highest common divisor of 9 and 8301.
3
What is the greatest common divisor of 43 and 733021?
43
Calculate the highest common factor of 11 and 46409.
11
What is the highest common divisor of 472 and 19234?
118
Calculate the greatest common factor of 5453 and 32471.
19
What is the greatest common factor of 83927 and 2501?
41
What is the greatest common factor of 82 and 3663924?
82
Calculate the highest common factor of 12 and 505212.
12
What is the highest common divisor of 155 and 3870?
5
What is the highest common factor of 3032 and 1024?
8
Calculate the greatest common factor of 91739 and 199.
199
Calculate the greatest common divisor of 3751690 and 20.
10
Calculate the greatest common factor of 102 and 64940.
34
Calculate the highest common factor of 454634 and 106.
106
Calculate the highest common factor of 1066155 and 339.
339
What is the greatest common divisor of 14186 and 23528?
346
Calculate the highest common divisor of 1790 and 260.
10
What is the highest common divisor of 113353 and 6465?
431
Calculate the highest common divisor of 137340 and 1044.
36
What is the highest common factor of 985881 and 78?
39
What is the greatest common factor of 30103 and 2?
1
Calculate the highest common divisor of 14062 and 4661.
79
Calculate the highest common factor of 163 and 242381.
163
What is the highest common factor of 3151 and 4658?
137
What is the greatest common factor of 127531 and 292?
73
Calculate the highest common divisor of 1039000 and 875.
125
Calculate the highest common factor of 5408 and 164.
4
Calculate the greatest common divisor of 1341 and 169562.
149
What is the highest common factor of 11890 and 15170?
410
What is the highest common divisor of 288140 and 40?
20
Calculate the highest common factor of 4518 and 198.
18
What is the highest common factor of 111 and 77108?
37
What is the greatest common factor of 46600 and 3200?
200
Calculate the hi